hat is the highest common factor of x and 40?
10
Let z be 231/12 - (-2 + (-9)/(-4)). What is the greatest common factor of 19 and z?
19
Let v be (-95)/(-3*(-1)/(-3)). Calculate the highest common factor of 19 and v.
19
Let o(u) = 2*u + 2. Suppose x = -3 + 5. Let s be o(x). Calculate the highest common divisor of 30 and s.
6
Let f(c) = -c**2 + 10*c + 8. Let b be f(8). What is the greatest common factor of 3 and b?
3
Let h(m) = 5*m**3 - 7*m**2 - 3*m + 2. Let n(c) = -c**3 + c**2 + c. Let z(a) = h(a) + 4*n(a). Let j be z(3). What is the highest common divisor of j and 55?
5
Let q(r) = r**3 - 7*r**2 + 7*r + 8. Let c be q(6). Calculate the highest common factor of 56 and c.
14
Let p = 8 - 11. Let g be (-1)/(-3) + (-32)/p. What is the greatest common factor of 1 and g?
1
Let k(y) = y**3 + 3*y**2 + y. Let t be k(-2). Let q(i) = 9*i - 2. Let v be q(t). What is the highest common divisor of 32 and v?
16
Let v(s) = -2*s**3 - 3*s**2 - 5*s - 1. Let z be v(-4). Let p(h) = -9*h. Let f be p(2). Let m = -7 - f. What is the highest common factor of z and m?
11
Let n be (1 - -4)/((-1)/(-2)). Let d be n/3 - (-2)/3. Suppose -3*w - 5*x + 96 = 0, 2*w - d*x = 45 - 3. Calculate the greatest common divisor of 9 and w.
9
Let f = -62 + 75. Calculate the highest common factor of 1 and f.
1
Let l = -2 + 2. Let a be 6/(-8)*(l - 4). Suppose -w = -g - 2*g - 34, -a*w + 116 = -2*g. Calculate the highest common factor of 100 and w.
20
Let k = 8 + 7. Let n = k - 1. Calculate the greatest common factor of 2 and n.
2
Suppose 0 = -3*q + 5*q - 70. Suppose 0 = -3*l + 2*l - 4, 2*l = -4*u + 52. Let w be u - (-1)/(2/(-2)). What is the greatest common divisor of w and q?
7
Let t be (20/(-3))/((-1)/6). Suppose -2*h = -t + 4. Suppose 15*z = 10*z + 720. Calculate the highest common factor of h and z.
18
Let d be -3 - (-1 - 3) - -35. What is the greatest common factor of d and 9?
9
Let w = -78 - -92. What is the greatest common factor of 35 and w?
7
Suppose 5*v = -y - 16, 0 = -0*y - 2*y - 2*v. Suppose 0 = -3*l + y*l - 18. Calculate the highest common factor of l and 198.
18
Suppose -1267 = -4*n + 125. Calculate the highest common factor of 12 and n.
12
Suppose 9 = r - 2. Let g = -149 + 270. Calculate the greatest common factor of r and g.
11
Suppose -c - 2*c + 503 = 5*h, -3*c + 508 = 4*h. What is the highest common factor of c and 16?
16
Let v be 7 + -3 + -28*(-4)/16. Let d be (-9)/2 + (-1)/(-2). Let g(c) = 6*c**2 + 2*c. Let y be g(d). What is the greatest common factor of v and y?
11
Let z(v) = 5 + 3*v - 9*v**3 + 1 - v**2 - 3 - 2. Let g be z(-2). Calculate the greatest common factor of g and 7.
7
Let k(j) = -9*j - 3. Let p be k(-2). Suppose -5*t - 27 = -4*r, -t = 4*t + p. What is the highest common divisor of r and 1?
1
Let u(p) = -p**2 - 9*p + 3. Let g be u(-8). Calculate the highest common factor of 1 and g.
1
Suppose u + 0*d - 2*d = 0, 16 = u + 2*d. Calculate the highest common divisor of u and 56.
8
Let g = -235 + 347. Let x(o) = o**3 + 7*o**2 - 2*o + 2. Let h be x(-7). Calculate the highest common factor of g and h.
16
Suppose 1 = -3*x + 31. Suppose -5 = -w + 4*d, -4*w - w = -5*d - x. What is the highest common divisor of w and 7?
1
Suppose -y + 20 + 40 = z, 3*z - 290 = -5*y. Suppose 3*k = -4*m + 3*m, 0 = m + k - 4. Let j = m - -5. What is the highest common factor of y and j?
11
Let n(z) = 7*z**2 + z + 1. Let t(b) = 3*b**2. Let s(j) = 4*n(j) - 9*t(j). Let w be s(-4). Calculate the highest common factor of w and 36.
4
Let r(y) = y**3 + 5*y**2 + 6*y + 5. Let v be r(-4). Let j be (-25)/v + 5/(-15). Let l be 2/j - 95/(-20). What is the greatest common divisor of l and 20?
5
Suppose -2*m = -m - 13. Suppose m = f - 0*f. What is the highest common divisor of f and 104?
13
Let n(v) = -15*v - 20. Let s(z) = -2*z - 3. Let y(j) = 3*n(j) - 20*s(j). Let i be y(-2). What is the highest common factor of i and 2?
2
Suppose 2*l - 2*n = 88, 0 = l - 2*l - 3*n + 24. Calculate the highest common factor of l and 39.
39
Let a be 134/4 + 44/(-8) + 5. Calculate the highest common factor of a and 55.
11
Suppose 3*h - 2*h - 5 = 0. Suppose 4*j + 0*t - 56 = h*t, -3*j - t + 61 = 0. Suppose -386 - 298 = -4*p. What is the greatest common factor of j and p?
19
Let l = 50 - 31. Let g = -1 + l. Suppose -v = -g + 7. What is the greatest common divisor of 11 and v?
11
Suppose -5*s + 2 = 2*b, -7*b + 3*b - 16 = 0. Suppose s*x + 2*x - 436 = 0. Suppose x = 5*p - 71. Calculate the highest common divisor of 12 and p.
12
Suppose 112 - 22 = 2*z. Let c(q) = q**3 + 2*q**2 - 2*q - 3. Let b be c(-2). Suppose -2*f - b = -37. Calculate the highest common factor of f and z.
9
Let y(t) = t**2 + 4*t - 1. Let q be y(-3). Let d be 105/(-14)*q/5. Calculate the greatest common factor of d and 42.
6
Let w be 3*2/4*-2. Let z be 2*(-1 - w)/2. Suppose -14 = 5*j - 12*j. Calculate the greatest common divisor of z and j.
2
Suppose 4 - 7 = -h. Calculate the highest common divisor of 24 and h.
3
Let q(h) = -9*h**3 + h + 2. Let u be q(-2). Calculate the highest common factor of 8 and u.
8
Let l = 6 - 0. Suppose 11*r = l*r + 315. What is the greatest common divisor of 9 and r?
9
Let z(n) = n**2 + 7*n + 2. Let v be z(-7). What is the highest common divisor of 8 and v?
2
Let y(d) = -d**3 - 15*d**2 + 13*d - 24. Let l be y(-16). Calculate the greatest common divisor of l and 12.
12
Suppose 0 = -4*p - o - 2*o + 80, 0 = 5*p - 4*o - 131. Calculate the highest common factor of p and 184.
23
Suppose -23 = -n - 5*t, -t - 6 = t. What is the greatest common divisor of n and 57?
19
Suppose -6 = -3*d - 3. Suppose 2*q - 31 = d. Suppose -4*v - 27 + 91 = 0. What is the highest common factor of v and q?
16
Let i be 2/(-3) + 83/3. Suppose 0 = 7*s - 4*s - i. What is the highest common divisor of 1 and s?
1
Let n(x) = x**2 - 3*x + 3. Let w be n(3). Suppose w*k + 3*g = 21, -g + 5*g + 8 = 0. What is the greatest common divisor of k and 27?
9
Let l be 1*-1*3*-1. Let m be -1 + -1 + l - -39. What is the highest common factor of 5 and m?
5
Suppose -v - 4*v = -55. Let u = 70 + -37. Calculate the greatest common divisor of v and u.
11
Suppose -v - 3 = -19. Suppose 4*n = -2*l + v, -4*l + 2*l = -4. Calculate the greatest common divisor of 1 and n.
1
Suppose -3*w = 40 - 316. What is the highest common divisor of w and 23?
23
Let v(t) = -t + 19. Let n be v(17). Calculate the greatest common factor of 20 and n.
2
Let o(g) = -21*g + 6. Let j be o(-6). Let z(i) = i - 2. Let w be z(4). Suppose -t + w + 10 = 0. What is the greatest common factor of j and t?
12
Let f(b) = 0*b - 2 - b + 0*b + 15*b**2 - b. Let x be f(2). What is the greatest common factor of 6 and x?
6
Let y = 2 - 0. Let o be 4/(8/(-7))*2. Let j = 10 + o. What is the greatest common factor of j and y?
1
Suppose 2*b = b + 2. Let q(p) = 5*p**2 - 3 + 3*p**b - 7*p**2 + 3*p + 5*p. Let u be q(-9). What is the highest common divisor of u and 24?
6
Let s = 84 + -39. What is the greatest common divisor of 5 and s?
5
Suppose -5*r + 4 = -21. Let o(j) be the second derivative of 41*j**3/6 - 7*j**2/2 - j. Let f be o(r). Calculate the greatest common divisor of f and 18.
18
Let b(t) = 9 - 13 - 9 - 13*t. Let d be b(-10). What is the greatest common factor of 13 and d?
13
Suppose 2*i + 32 = 4*g - 3*i, 0 = 5*g - 3*i - 40. Calculate the highest common factor of g and 40.
8
Let k be ((-3)/(-9))/((-2)/12). Let o be (-17)/k - 3/(-6). Calculate the highest common factor of 36 and o.
9
Suppose -5*r = 4*i - 22, -i = -2*i + 3. Suppose r*j - 4 = j. Calculate the highest common factor of j and 4.
4
Let w(l) = l**2 - 3*l + 4. Let b be w(3). Suppose u + 5 = -b*h, u = -h - h - 1. What is the greatest common divisor of u and 2?
1
Suppose 0 = 5*v + 49 - 124. Let s(t) = -t**2 + 8*t + 15. Let p be s(5). Calculate the highest common factor of v and p.
15
Suppose 6*a = 11*a. Let g(h) = -2*h + 16. Let p be g(a). What is the greatest common factor of 128 and p?
16
Suppose 0 = l + 2*l - 18. Suppose -2*a - 2*a + 20 = 0. Suppose -a*k = -2*k - 2*q - 170, 4*k + 2*q = 208. Calculate the greatest common divisor of l and k.
6
Let r = -22 + 60. Calculate the greatest common factor of r and 57.
19
Suppose -2*h = -3*p - 3 - 54, 5*p = h - 39. Suppose 2*z = -0*w + 2*w - 122, -5*w + 3*z + 303 = 0. Calculate the highest common factor of h and w.
12
Let b(k) = -2*k**2 + 2*k 